s the hundreds digit of m?
7
Suppose -30728 + 4940 = -14*c. What is the units digit of c?
2
Suppose a - 12*a + 2915 = 0. What is the tens digit of a?
6
Let c(y) = 3*y**3 - 2*y**2 + 2*y - 1. Let l be c(1). Let g(d) = -3*d - l*d + 3*d + d. What is the units digit of g(-9)?
9
Let x be (-635)/(-20) - (-4)/16. Suppose 10*r - x = 1318. What is the tens digit of r?
3
Let r(b) = b**2 + 4*b + 13. Let k(y) = y**2 - 15*y + 16. Let a be k(12). Let h = a - -12. What is the tens digit of r(h)?
4
Suppose 0 = o - 5*k - 9 - 36, -4*o = -2*k - 198. What is the tens digit of o/20*28/5?
1
Let o = 115 + -70. Let j = 74 - o. What is the units digit of j?
9
Let i(k) = -9*k + 16. Let u be i(9). Let z = -18 - u. What is the units digit of z?
7
Let x(t) = -3*t**3 - 2*t**2 - 2*t + 1. Let c be x(-3). Suppose s + 70 = 2*r, 2*r + 4*s = -s + c. What is the units digit of r?
5
Let v be (-10178)/77 + -1 - (-2)/11. Let b = 219 + v. What is the units digit of b?
6
Let d(h) = -4*h + 7. Let m be d(-4). What is the tens digit of m/(-69) + 325/3?
0
Suppose 0 = -35*g + 44*g - 2826. What is the units digit of g?
4
Suppose 4*y = -3*i + 237, -y + 41 = -2*i - 10. What is the units digit of y?
7
Suppose -7*g + 5*g + 100 = 4*k, -3*g - 6 = 0. What is the units digit of k?
6
Suppose 12*v + 14*v = 338. What is the units digit of v?
3
Let j(b) = 2*b**2 - 3*b + 1. Suppose -c = 7 - 4. Let q be 9 + -8 - 1*c. What is the tens digit of j(q)?
2
Suppose 11 = u - 2*g - g, g = -3. Suppose -2*o - u*n + 62 = -98, 0 = 5*o + 4*n - 395. Let x = o - 52. What is the units digit of x?
3
Let i(d) = d**3 + 25*d**2 - 27*d - 38. Let m be i(-26). What is the units digit of 154 + 0/(m/(-3))?
4
Let v(d) be the first derivative of 5*d**2/2 + 3*d + 10. Let j be v(2). Suppose 2*w - 90 = 2*g, j = 5*g + 38. What is the tens digit of w?
4
Let f = 129 - 76. What is the tens digit of f?
5
Suppose 18719 = 27*h - 3826. What is the units digit of h?
5
Let j be (3 + 2 - (2 - -1)) + -32. Let s = j + 68. What is the tens digit of s?
3
What is the hundreds digit of 32/80 + (-9)/10*-1074?
9
Let o(l) = -l**3 - 2*l**2 - 3*l + 132. Suppose 0 = -3*a + 6, -5*u - 5*a + 6 = -4. What is the tens digit of o(u)?
3
Let u be (-8 + 20)*1/3. Suppose -2*c + u*j = -110, -2*c - 5*j = 2*c - 181. What is the units digit of c?
9
Suppose 0 = -29*z + 28*z + 1188. What is the tens digit of z?
8
Suppose -3 = 3*b + 231. Let u = b - -248. What is the units digit of u/8 - (-6)/8?
2
Let m(q) = 4*q**3 + 11*q**2 + 11*q + 19. What is the tens digit of m(9)?
2
Let j(b) = -72*b**3 - 2*b - 2. Let g(s) = 2*s - 25. Let r be g(12). What is the units digit of j(r)?
2
Suppose -v - 8 = v, 5*v + 42 = 2*r. Let c(w) = w**3 - 12*w**2 + 13*w - 12. What is the tens digit of c(r)?
1
Let j = 151 + 215. What is the hundreds digit of j?
3
Suppose 2524 = 8*k - 988. What is the units digit of k?
9
Suppose 3*i = 4*i + 3*i. Suppose 4*t - 188 + 24 = i. What is the units digit of t?
1
What is the tens digit of 341 - (-5 + 0/(-7))?
4
Suppose -36*d - 507 = -37*d. What is the tens digit of d?
0
Suppose -3495 = -2*y + 3*h + 2464, -2*y = -2*h - 5958. What is the thousands digit of y?
2
What is the tens digit of 44/6*(-30)/(-20)?
1
Let m = -151 + -140. Let v = m + 512. What is the hundreds digit of v?
2
Suppose -6*y = -7*y + 5*l + 696, -3552 = -5*y + l. What is the units digit of y?
1
Suppose -191*i + 20 = -195*i. What is the tens digit of 4 + (2/(-3))/(i/1080)?
4
Suppose 3*g = 5*f - 21, -5*g = 2*f + 1 + 3. Let c be -1*(f + -5 + -3). Suppose -c*s + 2*b = -66, 3*b = 5*s - 2*s - 36. What is the units digit of s?
4
Let p be ((-3)/6*0)/2. Suppose p - 6 = 3*a. Let s = a - -8. What is the units digit of s?
6
Suppose 3*v - 6*k + 46 = -5*k, -k + 18 = -v. Let x(h) be the first derivative of -3*h**2/2 - 14*h - 3. What is the tens digit of x(v)?
2
Suppose 4*b = 1841 - 117. What is the units digit of b?
1
Suppose -2*c + 52 = 2*l, 20 = c + 2*l - 3. Suppose -4*h + 12 = 0, -5*h = -4*y - 2*h - c. Let f(m) = -2*m + 10. What is the units digit of f(y)?
0
Suppose -46 - 10 = 4*j. Let v = -12 - j. What is the units digit of v?
2
Let k(u) = 2*u**3 - u**2 - 30*u + 155. What is the thousands digit of k(9)?
1
What is the thousands digit of 28/16*4 + 1865?
1
Let x = -68 + 279. Let g = x + -95. What is the hundreds digit of g?
1
Let q be 1*-50*(-20)/8. Suppose 0 = -15*z + 10*z + q. What is the units digit of z?
5
Let w = 41 - 25. What is the tens digit of (-645)/(-6)*(0 + w/20)?
8
Let o be -10*(0 - 19/(-2)). Let p = -115 - -56. Let r = p - o. What is the tens digit of r?
3
Suppose 2*a - 396 = 2*k, 0 = 5*k - 7 - 3. What is the hundreds digit of a?
2
Let d(o) = -5*o**2 - 130. Let g(h) = 4*h**2 - h + 132. Let i(b) = 3*d(b) + 4*g(b). What is the tens digit of i(0)?
3
Let i = 1146 + -790. What is the tens digit of i?
5
Let b(p) = -p**2 + 15*p + 194. What is the hundreds digit of b(16)?
1
Suppose -2*b = -3*m - 1126, b + 2805 = 6*b - 5*m. What is the tens digit of b?
5
Let c be 0 + (5 - 3) + 53. Let y be (-3)/7 + (-444)/42. What is the units digit of (16/(-5))/(y/c)?
6
Let d = -12 - -22. Suppose -o - d = 15. Let v = o - -55. What is the tens digit of v?
3
Let s(b) = -12*b**3 - 7*b**2 - 16*b - 6. What is the hundreds digit of s(-4)?
7
What is the units digit of 228/((-11)/((-44)/6))?
2
Suppose 264 = 7*f - 1206. What is the hundreds digit of f?
2
Suppose 185*r - 191*r + 276 = 0. What is the tens digit of r?
4
Suppose -m - x + 410 = 2*x, 4*x = 2*m - 820. Let y = m - 163. Suppose 5*l = 58 + y. What is the units digit of l?
1
Let x(p) = -p**3 + 7*p**2 - 6*p + 8. Let r be x(6). Suppose -3*n + r*n = 10. Suppose 4*q = q + 4*m + 37, -3*q + n*m + 47 = 0. What is the tens digit of q?
1
Let k = 23 + -32. Let t = k - -10. Suppose 2*n = 11 + t. What is the units digit of n?
6
Let u(l) = -831*l**3 - 2*l**2 + l + 2. What is the hundreds digit of u(-1)?
8
Let p = -5 + 6. What is the units digit of 3*(-4 + 14) - p?
9
Let v(x) = 55*x**2 - 1. Let d be -3*4/(-1 - -13). What is the tens digit of v(d)?
5
Suppose -4*m = -8*h + 5*h + 67, 5*h + 4*m = 101. Suppose h*k - 17*k = 928. What is the tens digit of k?
3
What is the units digit of 13/(9 + 1148/(-128))?
6
Let i = -753 + 3334. What is the units digit of i?
1
Let s(w) = -2*w + 8*w - 2*w + 13 + 1. What is the tens digit of s(14)?
7
Let o = -15285 - -6738. What is the units digit of (-3)/(-8) - o/56?
3
Let d = 2 + 8. Let p(x) = -6*x**2 + 10*x**2 + d*x**2 + 5*x - 4*x. What is the units digit of p(1)?
5
Suppose -32*d + 116584 = -6*d. What is the tens digit of d?
8
Let j(n) = 3*n - 2. Let y be j(5). Suppose p + m - 4*m = y, -3*p - 9 = 3*m. What is the units digit of -2*1/(p/(-7))?
4
Let v be (-112)/(-63) + 0 - (-4)/18. Suppose -210 = -0*o - v*o. What is the units digit of o?
5
Suppose -2*r + 12*m + 2112 = 8*m, -4*r = 5*m - 4211. What is the thousands digit of r?
1
Let k(z) be the second derivative of 11*z**3/3 - 9*z**2 + 18*z. What is the tens digit of k(6)?
1
Let b be (-33)/(-8) + 14/(-112). Suppose -2*g = b*w - 240, w + w - 3*g - 128 = 0. What is the tens digit of w?
6
Suppose 5 = 5*y + 5*i, 4 + 7 = y - 4*i. Suppose j - 5*z = -6, -y*j = 2*j - 2*z - 62. Suppose -13*u - 44 = -j*u. What is the units digit of u?
4
Let d(v) = 492*v - 363. What is the units digit of d(5)?
7
Let c be 3/2*(-92)/(-6). Suppose -c*a + 708 = -17*a. What is the hundreds digit of a?
1
Suppose -4*q - m + 70 = -6*m, -3*q = -3*m - 54. What is the tens digit of 252/q - (-2)/5?
1
Suppose -25*x = -21*x + 8. What is the units digit of (8 + x)*(-153)/(-18)?
1
Suppose -5*g = -3*j - 5, 5*g - 6*g = -2*j - 8. Let h(s) = -17*s - 19. What is the tens digit of h(j)?
6
Let i be (-13 + 10)/((-3)/4). Let p(k) = -k**2 + 4*k + 3. Let m be p(i). Suppose 5*n + 0 - 2 = 2*s, 0 = -4*s - m*n + 22. What is the units digit of s?
4
What is the tens digit of 1332/15*(22/4 + -3)?
2
Let c(o) be the first derivative of o - 5/2*o**2 + 6. What is the tens digit of c(-5)?
2
Let i = -12 + 14. What is the tens digit of ((-189)/18)/(i/(-4))?
2
Let t(g) = -g - 3. Let z be t(-8). Suppose -80 = -5*b - z*h, -2*b - 5*h = b - 44. What is the units digit of 228/(-16)*(-48)/b?
8
Let b(m) = -157*m - 103. What is the tens digit of b(-12)?
8
Let j be (-2)/(-5) - 834*(-2)/(-20). Let r = j + 95. What is the tens digit of r?
1
Let m = 36 - -69. Suppose d - 14 = -3*w + 5*w, -3*d 